 are the prime factors of z(-10)?
3, 17, 89
Let s = 7 - 5. Suppose 4*k - 5*m = 33, 9 + 0 = s*k - m. Suppose 3*c = -i - 0*i + 32, -2*c = -k*i + 40. List the prime factors of i.
23
Let u(h) = -7*h**2 - 2*h - 1. Let m be u(-1). Let w(z) = z**2 - 3*z + 3. Let y be w(m). Let s = y - -37. List the prime factors of s.
2, 47
Let f = 164 - 161. Suppose f*k + 3330 = 21*k. List the prime factors of k.
5, 37
Let u = 29 + -69. Let d = 24 + u. Let g = 29 + d. What are the prime factors of g?
13
Suppose -3*d = 12, -d + 1 = 3*u + d. Suppose 3*c + u*c = 792. Suppose -h = -2*h + c. What are the prime factors of h?
2, 3, 11
What are the prime factors of (13 + -12)*-9 - -4741?
2, 7, 13
Let b(h) = 2*h**2 - 13*h + 13. Let t be b(6). Suppose t*f = 43 - 344. Let y = -17 - f. List the prime factors of y.
2, 13
Suppose 0 = -2*g - 8, -5*d + 5*g + 92 = -33. What are the prime factors of 1508/12 + (-14)/d - 5?
2, 3, 5
Let t be -5*4/6*(0 + 9/(-5)). Let d(n) = -1. Let w(f) = -6*f - 38. Let v(c) = 3*d(c) - w(c). What are the prime factors of v(t)?
71
Let z(l) = -16*l**2 + 11*l + 29. Let y be z(-3). List the prime factors of (0 - 21/(-3))*(1 - y).
7, 149
Let u be (0/(-25))/(-1 - -2). Suppose -7*k + 2*k + 20 = u, 5*k + 496 = 2*c. What are the prime factors of c/3 + 0 - -1?
3, 29
Let r = -2959 - -4934. List the prime factors of r.
5, 79
Let d be (-3 - 14/(-5)) + (-424)/5. Let i = -75 - d. Suppose -w + i - 2 = 0. List the prime factors of w.
2
Let q(z) = -52*z**2 - 7*z - 1. Let a(d) = -d**2 - d + 1. Let k(l) = 4*a(l) - q(l). What are the prime factors of k(-2)?
191
Let h be (-45)/120 - (-6897)/24. Suppose -h + 755 = r. List the prime factors of r.
2, 3, 13
What are the prime factors of 14/49 - (3422211/(-91) + 0)?
37607
Suppose -17588 = 22*b + 13168. List the prime factors of (54/36)/((-3)/b).
3, 233
Suppose 5*g = j + 16, -2*g - 4*j + 0*j + 24 = 0. Suppose 0 = 3*r + 2*t + t - 927, -5*r + 1548 = g*t. List the prime factors of r.
2, 3, 13
Let p be (2 + 44)*((3 - 0) + -2). Let g = -41 + p. Suppose -2*o + 0*o + 408 = 3*c, 5*c - 680 = -g*o. What are the prime factors of c?
2, 17
Suppose 0 = -41*h + 31*h + 5500. Let x = h - -130. What are the prime factors of x?
2, 5, 17
Let j(n) = -2*n**2 + 16*n - 10. Let m be j(9). Suppose 0 = 4*x - 6*x. Let k = x - m. List the prime factors of k.
2, 7
Let h(s) = 28*s - 8. Let b be h(2). Let l be 5*(-2 + b/20). Suppose 0 = -f + 5*t + 213, -t = l*f - 4*t - 398. What are the prime factors of f?
193
Suppose 0 = -49*s + 49*s + 35*s - 1115730. List the prime factors of s.
2, 3, 7, 11, 23
Let i(f) = 7*f + 8. Let j(t) = 1 + 4*t - 10*t + 5*t + 2*t. Let x be j(6). What are the prime factors of i(x)?
3, 19
Let c be (-1 - -2)*5/(35/(-10787)). Let p = c - -2199. List the prime factors of p.
2, 7, 47
Let n(c) = 2*c**3 - 9*c**2 - 5*c + 25. Let u be n(11). Suppose -3*p = 5*y - u, 23*p - 2092 = 19*p + 2*y. What are the prime factors of p?
521
Suppose -3731*b = -3745*b + 219380. What are the prime factors of b?
2, 5, 1567
Let c(b) be the second derivative of 0 - 4*b**2 + 11/2*b**3 - 7*b. What are the prime factors of c(3)?
7, 13
Let s(h) = 1181*h**2 + 23*h - 73. What are the prime factors of s(4)?
3, 5, 13, 97
Let s(p) = 22*p**2 + 3*p - 3. Let c = -75 + 78. Let n be s(c). Let o = n + -116. List the prime factors of o.
2, 11
Let s be 1*1/(-11) - (-3486)/231. Suppose 3*d - 2206 = -g, s*d - 2*g + 2201 = 18*d. List the prime factors of d.
11, 67
Let o(k) be the first derivative of k**5/15 + k**4/2 - 4*k**3 - 9. Let t(d) be the third derivative of o(d). List the prime factors of t(5).
2, 13
Let v(i) = -55*i + 228. Let g(w) = -45*w + 340. Let k be g(8). List the prime factors of v(k).
2, 83
Let r(w) = w + 17. Let a = -14 + 3. Let s be r(a). Suppose 480 + 756 = s*d. What are the prime factors of d?
2, 103
Let l = 6856 + 13536. What are the prime factors of l?
2, 2549
Suppose -y + 11 - 5 = l, -2*y + 24 = 5*l. Suppose 208 = h + 3*j - 4*j, -4*h + 808 = l*j. List the prime factors of h.
5, 41
Let m(a) = 115*a + 1702. What are the prime factors of m(-11)?
19, 23
Let v(c) = c**3 + 8*c**2 - 9*c + 2. Let w(y) = 2*y - 16. Let x be w(10). Let k be v(x). Suppose k = -26*i + 28*i. What are the prime factors of i?
79
Let a = 35878 - 1592. List the prime factors of a.
2, 7, 31, 79
Let r = 1665 + 702. Suppose 12*y = 21*y - r. What are the prime factors of y?
263
Suppose 3*q + 120 = -3*r, 4*r + 2*q + 144 = 6*q. Let j be (-3)/4 + (-6)/48*r. Suppose 2*g + 2*t + 259 = 5*g, -372 = -j*g - 4*t. What are the prime factors of g?
89
Let f = -8736 + 12236. List the prime factors of f.
2, 5, 7
Let i(g) = -7*g**3 + 2*g**2 - 11*g - 261. What are the prime factors of i(-11)?
9419
Let u(v) = -7*v**3 - 18 - 24*v + 8*v**3 + 15*v**2 + 3 - 34. List the prime factors of u(-15).
311
Let y(v) = -565*v + 14167. What are the prime factors of y(-5)?
2, 3, 59
Suppose 0 = 131*r - 4255923 + 597879. What are the prime factors of r?
2, 3, 13, 179
Let m(p) = p + 8. Let r be m(-4). Suppose 19 - r = 5*a. Suppose a*n + 2*k - 204 = 0, -3*k = -n - 0*n + 68. What are the prime factors of n?
2, 17
Suppose -79124 = -60*g + 120856. List the prime factors of g.
3, 11, 101
Let u = -33 - -17. List the prime factors of (-12)/(-16) + (107996/u)/(-7).
5, 193
Let m = -274 - -459. Let k = 718 - m. List the prime factors of k.
13, 41
Let k(i) = -i**3 - i**2 + 5*i + 10. Suppose -11 = -3*f - 32. What are the prime factors of k(f)?
269
Let i = 3685 + 7483. What are the prime factors of i?
2, 349
Suppose 4*o - 32 = -8. Suppose -72*p = -201*p + 387. Suppose -o*l + l + 2*s + 292 = 0, 4*s - 196 = -p*l. What are the prime factors of l?
2, 3, 5
Suppose -3*v - l + 248 = 0, 4*v - 4*l - 334 = -2*l. Suppose 91*o = v*o + 3808. List the prime factors of o.
2, 7, 17
Let n = 1258 - -154. Suppose -385 = j - n. List the prime factors of j.
13, 79
Let o(v) = -v - 182 + 2*v**2 + 26*v**2 + 10*v + 222. What are the prime factors of o(-4)?
2, 113
Let r = 41542 - 22182. List the prime factors of (0 - (-3)/1)*r/264.
2, 5, 11
Let o = 21731 + -13854. List the prime factors of o.
7877
Let b = -240 - -246. What are the prime factors of -42*(90/8)/(b/(-4))?
3, 5, 7
Let q(i) = 42*i**2 - 171*i - 49. List the prime factors of q(14).
7, 827
Let x(g) = g**3 - 21*g**2 - 48*g + 54. Let w be x(23). What are the prime factors of 2/w - (-3995)/20?
2, 5
Let s = 75 - 160. Let b(r) = -4*r**3 + 11*r**2 - 6*r + 8. Let y be b(4). Let t = s - y. List the prime factors of t.
11
Let q = 98 + -23. Let h be (-10)/q + (-9084)/45. Let l = h + 383. List the prime factors of l.
181
Let j(i) = 395*i**3 + 4*i**2 - 3*i + 2. Let k = -200 + 201. List the prime factors of j(k).
2, 199
Let g(i) = i**2 + 34*i - 42. Let p be 1*2/(-9) - 187/9. Let v be g(p). Let k = -208 - v. What are the prime factors of k?
107
Let f(o) = -o**2 - 26*o + 794. Let j be f(18). Let b = 32 + -7. List the prime factors of 61 - b - j*2.
2
Let b be 3/((-21)/41) + 2/(-14). What are the prime factors of (-173)/((b/(-9))/(12/(-9)))?
2, 173
Suppose 0 = 6*z - 0*z - 2088. Let h = -666 + z. Let y = h - -456. What are the prime factors of y?
2, 3, 23
Suppose -2*y + 0*a - 21 = -3*a, 0 = -5*y + 2*a - 25. Let l be (y - 4/4)*(0 - 3). Let m(s) = 3*s - 14. What are the prime factors of m(l)?
2, 11
Let h(c) = 3*c**2 + c - 4. Suppose 4*u = 4, -3*f - 2*u + 4 - 2 = 0. Suppose f = m + m - 10. List the prime factors of h(m).
2, 19
Let t be -2 - ((-6)/(-3))/2. Let i(g) = -g**3 - 4*g**2 - 4*g - 6. Let u be i(t). List the prime factors of u*(2 - 1) - -134.
131
Suppose -14*v - 5*f + 10116 = -10*v, -v = f - 2528. List the prime factors of v.
2, 631
Let t(j) = -2*j**3 + 3*j**2 - j - 12. Let u(d) = 3*d**3 - 2*d**2 + 13. Let p(b) = 4*t(b) + 3*u(b). Let z be p(-6). List the prime factors of (-950)/z*(-12)/8.
5, 19
Suppose r - 15 = -5*x, -2*r - 2*x + 6 = -6*r. Let s be r*((-9)/3)/3. Suppose -5*t + s*t + 135 = 0. List the prime factors of t.
3
Let h(c) = -4*c**2 + 17*c - 6. Let f be h(7). Let s = -79 - f. Suppose -s*j + 521 = 33. What are the prime factors of j?
2, 61
Let z(u) = -164*u + 5335. What are the prime factors of z(-32)?
19, 557
Suppose u + 324*m - 325*m = 489, 4*u + 5*m - 1992 = 0. What are the prime factors of u?
17, 29
Let s(f) = 11 - 15*f + f**3 + 36*f**2 - 24*f**2 + 8. Let u be s(-13). Suppose 7*k - 2*k - u = 0. List the prime factors 